 + 3 = 0. Suppose 4*t + l*t - 192 = 0. What is the tens digit of t?
4
Suppose 30 = 4*b + 10, 4*r = -2*b + 306. What is the units digit of r?
4
Suppose 28*k - 26*k = -54. What is the units digit of (k/(-36))/((-2)/(-8))?
3
Let h(t) = -2*t - 6. Let q be h(-4). Suppose -q + 0 = -z. Suppose 7*u = z*u + 80. What is the units digit of u?
6
Let a = -2 - 2. Suppose 0*g + l - 51 = -4*g, 2*g + 5*l = 39. Let o = g + a. What is the units digit of o?
8
Let u(o) be the third derivative of -o**3/6 - 3*o**2. Let g(s) = s + 6. Let v(r) = g(r) + 5*u(r). What is the units digit of v(4)?
5
Let d = -39 - -20. Let q(z) = -z**3 + 0 - 26*z + 6*z + 7 - 20*z**2. What is the units digit of q(d)?
6
Let q(p) = p**3 + 36*p**2 + 6*p - 32. What is the tens digit of q(-35)?
8
Suppose 31*s + 2334 = 34*s. What is the hundreds digit of s?
7
Let x(n) = 23*n**2 + 2*n + 3. Let k be 1/((-2)/(-6)) - (-40)/(-8). What is the units digit of x(k)?
1
Suppose 0 = 2*t - 10. Let s(u) = u**3 - u**2 - 7*u + 7. What is the units digit of s(t)?
2
Suppose -y + 163 = 4*j, 2 = -4*y - 2. Suppose 4*h + j = 2*f - 101, -h + 266 = 4*f. What is the tens digit of f?
6
Let k(i) = 9*i**2 + 71*i + 79. What is the thousands digit of k(-25)?
3
Suppose -2*z = -4*v + 34, 0*v = -3*z - 4*v - 51. Let c = -13 - z. Suppose 5*n - c*d + 35 - 159 = 0, n - 3*d = 27. What is the tens digit of n?
2
Suppose 5*h - 23 - 27 = 0. Let f(y) be the third derivative of -y**5/60 + 13*y**4/24 - 5*y**3/3 - 4*y**2. What is the units digit of f(h)?
0
Suppose y + 9*c = 4*c + 157, 5*y = -c + 785. What is the tens digit of y?
5
Let y = 11 + -9. Suppose g = 5 + y. Suppose a - 2*f = 37 - g, -2*a + 51 = 5*f. What is the tens digit of a?
2
Let q(w) be the third derivative of w**5/20 + w**4/8 - 2*w**3/3 + 26*w**2. What is the tens digit of q(-5)?
5
Let t = 43 + -38. What is the units digit of (4 - -26)/(t/35)?
0
Suppose 0*v = -2*v + 6, -i + 4*v = 8. Suppose 0*n - 2*n = -i. What is the units digit of n?
2
Let d be 6/((-10)/(-4) - 1). Suppose 4*b - g - 13 - 12 = 0, 0 = -2*b - d*g - 10. Suppose 5*y - 180 = -b*s, -4*s + 158 = -y - 2*y. What is the tens digit of s?
3
Suppose 0 = -3*z - 4*n + 6166 + 2956, 2*n = -5*z + 15222. What is the thousands digit of z?
3
Let x = 1928 - 508. What is the tens digit of x?
2
Suppose -2*a + u = 5*u + 4, u + 1 = 5*a. Suppose 2*t = 5*s - 0*t + 105, 5*s - 5*t + 120 = a. Let g = s + 27. What is the units digit of g?
8
Let p = 8 - 78. Let s = p + 124. What is the tens digit of s?
5
Suppose -5*t + 2*t + 135 = 4*n, -4*n = -2*t - 150. Suppose -n = 2*j - 8*j. What is the units digit of j?
6
Let p(r) = 61*r + 316. What is the tens digit of p(15)?
3
Suppose -9*m - 7 + 25 = 0. Suppose m*d - 2*b = 176, 13 = d + 4*b - 80. What is the tens digit of d?
8
Suppose -26*f + 144*f - 714490 = 0. What is the thousands digit of f?
6
Suppose 11*h - 4816 = -1142. Suppose -3*t + x = -297 - 194, -2*t - x = -h. What is the tens digit of t?
6
Suppose -4*v + 3*c = 31, 4*c = 27 - 7. What is the tens digit of (-294)/v - ((-10)/4 - -2)?
7
Let y be ((-5)/20)/((-2)/40). Let t(v) = 2*v**3 - 6*v**2 + 6*v. Let u be t(6). Suppose d + y*d - u = 0. What is the tens digit of d?
4
Let i be 4/2*(-5 + 8). Suppose 11 = -5*l + i*l. Suppose 0 = -m + 4*k + l - 3, 5*k = -3*m + 24. What is the units digit of m?
8
What is the tens digit of (-3)/(228/(-95)) - (-24582)/8?
7
Let r(d) = d**2 + 4*d - 27. Let j be r(-8). What is the units digit of (-1 + j)/((16/94)/4)?
4
Suppose 0 = -2*f + 2*x + 670, 5*x - 7 = 13. What is the units digit of 1 - (5 - f - -1)?
4
Suppose -3*f + 978 = n, -2*n + 4*f = -3*n + 977. What is the hundreds digit of n?
9
Suppose 0 = -2*f + 3*b + 155, f - 10 = -4*b + 40. Suppose 3*w + w = 4*r - 96, -4*w - f = -3*r. What is the units digit of r?
6
Let j(t) be the third derivative of t**4/12 - 5*t**3/6 - t**2. Let h be j(6). Suppose h*c - 4*c = 75. What is the tens digit of c?
2
Let i(l) = -l**2 + 11*l + 15. Let g be i(12). Suppose -5*u + 58 = -5*s + 348, 0 = -g*u - 2*s - 174. Let z = -20 - u. What is the units digit of z?
8
Let z(i) = i**3 + 13*i**2 + 21*i - 16. Let p be z(-11). Let m(w) = 6*w**2 + 10*w + 8. What is the tens digit of m(p)?
0
Suppose 1492 = 3*m + 346. What is the tens digit of m?
8
Suppose k + 2033 = 5*w, 2*k + 2*k = w - 418. Let y = w - 180. What is the units digit of y?
6
Let i = 1608 - 608. What is the thousands digit of i?
1
Suppose -5*m - 4*j + 7853 = 0, -3*m - j + 468 = -4248. What is the thousands digit of m?
1
Let v(r) = r - 6. Suppose -5*n = -0*q - 5*q - 5, -4 = 2*n - 4*q. Let p be v(n). What is the units digit of (33/(-6))/(p/4)?
1
Let w be 2085/60 - (-1)/4. Suppose 5*t = 480 - w. What is the units digit of t?
9
Let n = 860 + -526. What is the hundreds digit of n?
3
Let b(f) = 5*f**2 - 17*f + 8. Let x(s) = -s**2 + s - 1. Let w be 2/11 - 54/(-66). Let n(y) = w*b(y) + 6*x(y). What is the tens digit of n(-8)?
2
Let r(o) be the third derivative of 2*o**6/45 - o**4/24 + o**3 - 7*o**2. Let h(y) be the first derivative of r(y). What is the units digit of h(-1)?
5
Suppose x + 143 = -3*m, 30*x - 212 = 4*m + 26*x. Suppose -7 = -5*b - 4*v + 395, 238 = 3*b + 4*v. Let o = m + b. What is the units digit of o?
3
Let d = 32 + -38. Let a(b) = b**3 + 7*b**2 + b - 1. Let v be a(d). Suppose v = w + 8. What is the units digit of w?
1
Let t = 16 - 16. Suppose w - 2 - 13 = t. Suppose -z + 0*z + w = 2*d, -2*z = -4*d + 42. What is the units digit of d?
9
Let r be 4/(-10) + (-22)/(-55). Suppose 5*u = r, 2*w - 4*u = u + 10. What is the units digit of (4/(-5))/(w/(-125))?
0
Suppose -2*p = y - 199, -605 = -3*y + 5*p - 3*p. What is the hundreds digit of y?
2
Suppose -j = -4*y + 17675, 22*y + 4*j - 8842 = 20*y. What is the units digit of y?
9
What is the hundreds digit of ((-25)/10)/(1/(-890))?
2
Let s(y) = y**3 - 8*y**2 + 2*y - 16. Let j be s(8). Suppose -14*g + 9*g + 20 = j. Suppose 66 = 2*m - 4*v, 0*m + g*v - 39 = -m. What is the units digit of m?
5
Suppose 3*k - 3*p - 24 = 0, -p - 2*p - 6 = 3*k. Suppose 2*z = k*z - 5. Suppose 2*b - 71 = 5*m, -z*b - m = -3*b - 77. What is the tens digit of b?
3
What is the units digit of (-66)/9*5/(20/(-12))?
2
Suppose 140*x = 131*x + 21852. What is the units digit of x?
8
What is the tens digit of 1392/10*((-2925)/18)/(-5)?
2
Let m(j) = 1666*j**2 + 64*j + 64. What is the thousands digit of m(-1)?
1
Suppose -3*y + 5*r + 965 = 0, 2*r = 7*r - 10. Suppose -y = -4*n - n. What is the units digit of n?
5
Let a be (-3 + (-52)/(-20))*115. Let y = 27 + a. What is the units digit of y/(-3) - 3/9?
6
Suppose -82*m + 35520 = -22*m. What is the units digit of m?
2
Let c(u) = 6*u**2 - 4*u + 18. What is the hundreds digit of c(-7)?
3
Suppose -13*y - 5493 = -46404. What is the thousands digit of y?
3
Suppose -2*r - 17 = -1. What is the units digit of ((-3)/(-4))/(r/(-416))?
9
Suppose 3*v - 2*u = -6, 0 = 4*v - 3*v + 2*u - 6. Suppose -2*y + v + 4 = 0. Suppose 4*d - 6*h + h = 91, y*d - 53 = -5*h. What is the tens digit of d?
2
Let w(o) = -o**2 - 6*o + 31. Let z be w(-13). Let h be (-1 + 153)/(0 - -1). What is the units digit of 12/z + h/10?
5
Suppose -14 = j + 12. Let b be (-4)/j - (-63)/13. Suppose -165 = -b*k - p + 4*p, -2*k = -5*p - 85. What is the tens digit of k?
3
Let z = 9 + 83. What is the units digit of z?
2
Let i(u) = 26*u**2 + 2*u + 2339. What is the tens digit of i(0)?
3
What is the units digit of (17/((-680)/16))/((-2)/2410)?
2
Suppose 3*c + 4 = 5*m, -5*c - 10 = -2*m + 3. Let x(r) = -3*r**2 - r - 1. Let a be x(m). Let s = 9 - a. What is the units digit of s?
2
Let r be 2 + (1 + (-1 - -4))*4. Suppose 34 = r*d - d. What is the units digit of d?
2
Let g = 439 + -23. What is the units digit of g?
6
Suppose 0 = 13*p - 41 - 37. What is the units digit of p?
6
Let a(t) = -1 + 2*t**2 + 2*t + 0*t**2 + 0*t + 62*t**2. What is the units digit of a(1)?
5
Let z(d) = -d + 5*d - d**3 - 15 + 3*d**2 + 10. Let w be z(2). Suppose w*y = 5*y + 88. What is the units digit of y?
4
Let t(u) = 10*u**2 + 3*u + 15. Let w be t(-5). Suppose 5*b - 1170 = x, -b + 2*b - w = -3*x. What is the hundreds digit of b?
2
Let o be 8/44 - (-786)/33. Suppose o = -10*q + 14*q. What is the units digit of q?
6
Let i(k) = 3*k**2 - 12*k - 12. Let u be i(10). Suppose 3*l = 4*x - 338, -3*x + x + u = -2*l. What is the units digit of x?
6
Let a(n) = n**3 + 4*n**2 + 2*n - 1. L